 is -64cc + -21?
-64ed
In base 15, what is 3 + -e80?
-e7c
In base 3, what is 121 + -10101200002?
-10101122111
In base 15, what is 36 + 338?
36e
In base 16, what is -33c - 1?
-33d
In base 2, what is 110001 - 10101010011?
-10100100010
In base 11, what is 1799 - -15?
1803
In base 10, what is 3353643 - -4?
3353647
In base 12, what is 3 - 1938a3?
-1938a0
In base 5, what is -133123 - -3?
-133120
In base 6, what is 351 + 12403?
13154
In base 12, what is -a + 848?
83a
In base 14, what is ad5 - 2a?
aa9
In base 3, what is -211201012 - 12?
-211201101
In base 14, what is -d4da6 + 4?
-d4da2
In base 5, what is 40 + -203341?
-203301
In base 6, what is 4421 - 13?
4404
In base 5, what is -1224 - 112?
-1341
In base 8, what is -61 + -20532?
-20613
In base 4, what is 32 - 1221202002?
-1221201310
In base 15, what is 1da - 6b4?
-4c9
In base 11, what is -864943 - -3?
-864940
In base 6, what is 5 - -14103051?
14103100
In base 12, what is -4624 + 11?
-4613
In base 9, what is 3 - -100486?
100500
In base 11, what is 1a3 + -5a6?
-403
In base 4, what is 1320 + 22102?
30022
In base 3, what is 102121 + 1012200?
1122021
In base 6, what is 4 + 42432?
42440
In base 14, what is 389d + 0?
389d
In base 7, what is 3144 - -111?
3255
In base 11, what is 342 - -110?
452
In base 6, what is 1305 + 2411?
4120
In base 2, what is -10000 + 110111011111?
110111001111
In base 10, what is -64148 - -4?
-64144
In base 5, what is 201200311 + 10?
201200321
In base 7, what is -142 - 622?
-1064
In base 11, what is -27 + -79?
-a5
In base 5, what is -120434 - 40?
-121024
In base 9, what is -12 + 1285?
1273
In base 2, what is 11 - 1100001100110?
-1100001100011
In base 7, what is -2204 - 5652?
-11156
In base 7, what is 3 + 12402?
12405
In base 3, what is 2 - -101022210?
101022212
In base 6, what is -1302400 + -1?
-1302401
In base 2, what is -110 - -101100000001?
101011111011
In base 12, what is 4 - -2006?
200a
In base 7, what is -11 + 14231?
14220
In base 9, what is -1483 - -180?
-1303
In base 9, what is 374323 + 5?
374328
In base 3, what is 2 - 12010111?
-12010102
In base 2, what is 11001111100110110 + -10?
11001111100110100
In base 8, what is 163 - 41417?
-41234
In base 13, what is -41 + 1b75?
1b34
In base 11, what is -177983 - -1?
-177982
In base 11, what is 587 + 357?
933
In base 16, what is dbf - 2?
dbd
In base 14, what is 2b62 - -8?
2b6a
In base 9, what is -3 - 166313?
-166316
In base 4, what is -130 - -33301?
33111
In base 2, what is -110110100011010 - -10?
-110110100011000
In base 12, what is 10b - 3a55?
-3946
In base 9, what is 0 + -210472?
-210472
In base 13, what is 329 - 30c?
1a
In base 10, what is 304 - 449?
-145
In base 10, what is -1851 + -85?
-1936
In base 5, what is 334143 - 10?
334133
In base 14, what is 5b - 247?
-1ca
In base 9, what is 38756 - -6?
38763
In base 12, what is 1 + -3303?
-3302
In base 14, what is -415cc - -4?
-415c8
In base 6, what is 4 - 14003403?
-14003355
In base 6, what is 110 - 153400?
-153250
In base 15, what is 3163 + -3?
3160
In base 15, what is -1a + 9c1?
9a6
In base 2, what is -10010100100000 + -1100100?
-10010110000100
In base 2, what is -10011110 - 11001001010111?
-11001011110101
In base 12, what is -2b78a - 9?
-2b797
In base 4, what is -23312 - 313003?
-1002321
In base 11, what is -2 - 2a62?
-2a64
In base 11, what is 290993 - -4?
290997
In base 11, what is 5 - -48369a?
4836a4
In base 4, what is -11120 - -1330?
-3130
In base 12, what is -139 + -113?
-250
In base 14, what is -2 + 2463d?
2463b
In base 7, what is -44 + -21512?
-21556
In base 15, what is 7 + -799c?
-7995
In base 10, what is -47 + -1078?
-1125
In base 4, what is 13020323 - 3?
13020320
In base 9, what is -501805 + -3?
-501808
In base 7, what is 246562 + -115?
246444
In base 16, what is 3 + 50d3e?
50d41
In base 6, what is 1152 - -314?
1510
In base 2, what is -11101 - 111000101101?
-111001001010
In base 11, what is 4 + -924a?
-9246
In base 11, what is 69243 - -1?
69244
In base 9, what is -621755 + 5?
-621750
In base 3, what is -121220 - 10010?
-202000
In base 12, what is -1 + 5325?
5324
In base 14, what is -37 + -2cd?
-326
In base 10, what is 66 - 150?
-84
In base 2, what is 10011101 - 100001?
1111100
In base 14, what is 9a5 - -45?
a0a
In base 7, what is 131614 - 30?
131554
In base 11, what is -2858 + -1?
-2859
In base 4, what is -11013220 - 3?
-11013223
In base 16, what is 1 + -4892?
-4891
In base 12, what is -6bb + -1a?
-719
In base 16, what is 4e15 + -4?
4e11
In base 16, what is 282f - c?
2823
In base 13, what is 4a + -27a0?
-2753
In base 5, what is -2 - -124110?
124103
In base 12, what is -4796 + 1?
-4795
In base 14, what is 36 - 24d?
-217
In base 11, what is 476 + -1188?
-812
In base 3, what is 10 - -111210210201?
111210210211
In base 4, what is -10022202331 + 10?
-10022202321
In base 3, what is -100012011 + 1?
-100012010
In base 12, what is -4801 - -4?
-47b9
In base 12, what is -399b + 45?
-3956
In base 9, what is -2638815 - -5?
-2638810
In base 6, what is -205330 - -14?
-205312
In base 5, what is 21304 - 22202?
-343
In base 16, what is -2d30 - 21?
-2d51
In base 11, what is 7 + -4a91?
-4a85
In base 4, what is -23103311 - -10?
-23103301
In base 14, what is -4 - -198c4?
198c0
In base 8, what is -35 + -74352?
-74407
In base 10, what is 142 - 23417?
-23275
In base 13, what is -c77 + 456?
-821
In base 11, what is 141563 + -3?
141560
In base 3, what is -102111200100 + -1?
-102111200101
In base 4, what is 312220033 + -11?
312220022
In base 12, what is -4b2b16 - -1?
-4b2b15
In base 11, what is -2 - -886594?
886592
In base 2, what is -1110101101 - -101110110?
-1000110111
In base 10, what is -964 - 147?
-1111
In base 2, what is -1010110011001110 - 110?
-1010110011010100
In base 7, what is -13102 - 13?
-13115
In base 10, what is -688 - -34?
-654
In base 9, what is 4 - 115144?
-115140
In base 12, what is -2 - 12026?
-12028
In base 3, what is 1012 - 21002201?
-21001112
In base 10, what is 4398 - 5?
4393
In base 12, what is -646b1 - -4?
-646a9
In base 11, what is -1122958 + 4?
-1122954
In base 2, what is 11101100110 - -10110?
11101111100
In base 8, what is 12 - -144706?
144720
In base 16, what is -2c22 + 5?
-2c1d
In base 9, what is -3514111 + -5?
-3514116
In base 12, what is 333516 - 4?
333512
In base 11, what is 1 + -7885?
-7884
In base 15, what is 4 + 113d2?
113d6
In base 5, what is 2213 + 123?
2341
In base 9, what is 77867 - 2?
77865
In base 7, what is 5 + -34240?
-34232
In base 9, what is -127 - -24577?
24450
In base 6, what is -10514 + 12?
-10502
In base 12, what is -11434 + 3?
-11431
In base 4, what is -12101 + 12?
-12023
In base 11, what is 449117 + 5?
449121
In base 15, what is 3 - 354b?
-3548
In base 4, what is -22 - 10031332?
-10032020
In base 13, what is 5 - 9235?
-9230
In base 8, what is 30 + 21202?
21232
In base 3, what is 112000 + -1122?
110101
In base 9, what is 110 + 5372?
5482
In base 9, what is -400518 - 0?
-400518
In base 13, what is -1 - 33cb?
-33cc
In base 14, what is 108c + 15a?
1208
In base 16, what is -7 - -299f?
2998
In base 10, what is -2 + 624689?
624687
In base 14, what is -14455 + -3?
-14458
In base 14, what is -3 - -d43d?
d43a
In base 8, what is -17026 - 13?
-17041
In base 15, what is 4c41 + b?
4c4c
In base 4, what is 3033333111 - -3?
3033333120
In base 9, what is 561103 - 0?
561103
In base 3, what is -12 + -112100?
-112112
In base 6, what is 1145540 + -102?
1145434
In base 6, what is -11100 + 521?
-10135
In base 16, what is 3 + -c98e?
-c98b
In base 12, what is -17151 + -2?
-17153
In base 14, what is 3b545 + 10?
3b555
In base 5, what is -10 - 13402?
-13412
In base 10, what is 2855 - 7?
2848
In base 7, what is 5 - 1116245?
-1116240
In base 6, what is -103512 - -5?
-103503
In base 15, what is 2 + -5d91?
-5d8e
In base 10, what is -5 - 548737?
-548742
In base 13, what is 35 - 20286?
-20251
In base 5, what is -2321422 + -130?
-2322102
In base 15, what is 168 + 9db?
b54
In base 6, what is -105 + 1123?
1014
In base 16, what is 4 - 3794?
-3790
In base 12, what is -18 + 354a?
3532
In base 9, what is -4 - -17441?
17436
In base 12, what is 3559 + -269?
32b0
In base 6, what is -14445 - -15?
-14430
In base 12, what is 10441b0 + 2?
10441b2
In base 8, what is -15220634 - 3?
-15220637
In base 7, what is -5131355 + 3?
-5131352
In base 16, what is 1b - -40d?
428
In base 3, what is 110121112